= u - 11. What are the prime factors of t(u)?
2
Suppose h = -5*t + 19, 5*t + 1 = 5*h - 4. Let z = 7 - t. Suppose -z*u = 3*j - 0*j - 12, -2*j = -4*u + 32. List the prime factors of u.
2, 3
Suppose 0 = 5*t + s + 3*s - 201, 4 = -4*s. Suppose -3*k + 14 + 14 = 5*h, k - 12 = -h. Let q = t - k. What are the prime factors of q?
5
Let w(v) = -308*v - 975. What are the prime factors of w(-20)?
5, 17, 61
Suppose -2*y - l = 9, -3*y = 2*y - 4*l - 10. Let o = y + 39. List the prime factors of o.
37
Let k(f) = -f**3 + 20*f**2 + 18*f + 3. Let d be k(21). What are the prime factors of (-15 + 11)/(1/d)?
2, 3, 5
Let r be (-8)/(-20) - 9/(-15). List the prime factors of 3 - 4 - -88*r.
3, 29
Suppose j + 5*d - 183 = 0, 3*j - j - 4*d = 324. List the prime factors of j.
2, 3, 7
Let c(j) = -4*j**3 - 4*j**2 + 3*j + 4. What are the prime factors of c(-4)?
2, 23
Suppose 8*n = -9 + 25. Suppose 448 = 2*u + 2*l, -n*u - 5*l = -5*u + 632. List the prime factors of u.
3, 73
Let o(r) = -5*r + 12. Suppose -k - 3*k = 44. What are the prime factors of o(k)?
67
Let d = 30 - 16. Let p(n) = n**2 - n - 2. Let b be p(-1). Suppose b*j = -j + d. List the prime factors of j.
2, 7
Let p(w) = -2*w**3 - 5*w**2 + 14*w. List the prime factors of p(-6).
2, 3, 7
Suppose 4*i = -178 - 82. Let q = 8 - i. List the prime factors of q.
73
Suppose -4*g + 2523 = -4*i + 5*i, -5*g + 3144 = -2*i. What are the prime factors of g?
2, 3, 5, 7
Let d(f) be the third derivative of 11*f**4/24 + 4*f**3/3 - 13*f**2. List the prime factors of d(7).
5, 17
Suppose 2179 + 903 = a. What are the prime factors of a?
2, 23, 67
Suppose 2*m - 34 = 38. Suppose d - 2*d = m. Let w = 39 + d. What are the prime factors of w?
3
Let p = 378 - 765. Let j = -258 - p. List the prime factors of j.
3, 43
Let v(r) = 4*r**2 + 3*r - 4. Let a be v(-4). Let m be ((-1)/(-3))/(8/a). Suppose m*t - 36 = -t. What are the prime factors of t?
2, 3
Let v = -201 - -794. What are the prime factors of v?
593
Let b(i) = -i**3 + 7*i**2 - 5*i - 4. Let c be b(6). Let k be -1 - -2*c/4. Let f = 35 - k. List the prime factors of f.
5, 7
Let f(r) = -8*r - 17. Let v(o) = -o**2 + 2*o. Let p be v(-3). List the prime factors of f(p).
103
Suppose 12 = 5*g + m, 3*m - 2 = -11. Suppose 2*c - 67 = -3*o, -g*c - 167 = -7*c + 5*o. What are the prime factors of c?
2, 19
Let t(w) = w**2 + 6*w + 8. Let q(p) = -p**2 - 5*p - 9. Let n(d) = -4*q(d) - 5*t(d). What are the prime factors of n(-4)?
2, 5
What are the prime factors of (13/(-26))/(3/(-7758)) + 4?
1297
Let o(l) be the second derivative of l**3/6 - 5*l**2/2 - 3*l. List the prime factors of o(7).
2
Let i = 30 - 26. List the prime factors of 306/12*(-2 + i).
3, 17
Let x(o) = -2*o**2 + 11*o - 7. Let m be x(4). Suppose 2*n - 4 = 0, -4*z + m*z - 2*n = 228. What are the prime factors of z?
2, 29
Let s = -221 + 1878. What are the prime factors of s?
1657
What are the prime factors of (-2)/(-11) + 1856/319 - -2485?
47, 53
Suppose -3*i - 44 = -11. Let h = 13 + i. What are the prime factors of 2*1/2*h?
2
Let g = 329 - 82. What are the prime factors of g?
13, 19
List the prime factors of (-4)/(-18) + 116476/333.
2, 5, 7
Let m = -1424 - -4064. What are the prime factors of m?
2, 3, 5, 11
Suppose 6*l - l - 3*q = 36, 0 = -l - 4*q + 21. Suppose -3*y + 2*y + l = 0. Suppose 4*a + 0*g = -2*g + 66, y = a + 3*g. List the prime factors of a.
2, 3
Let h(t) = 6*t - 5 - t + 6*t - 5. List the prime factors of h(3).
23
Suppose 3*k = -9, 4*a + a = -5*k + 585. List the prime factors of a.
2, 3, 5
Suppose 36 = -p + 5*u, 4*u + 64 = -4*p - 32. Let s = 28 + p. Suppose s*y + 2*k - 2 = 62, 4 = -4*k. List the prime factors of y.
3, 11
Suppose 5*n - 4041 = 2*q, -2*n - q + 1614 = -3*q. What are the prime factors of n?
809
Let j be 3/((-2)/((-12)/2)). Let n(u) be the third derivative of -u**4/24 + 11*u**3/6 + 28*u**2. List the prime factors of n(j).
2
List the prime factors of ((-1970)/(-40))/((-2)/(-2*24)).
2, 3, 197
Let r(n) = n**2 - n - 3. Let h be r(3). Suppose h*s - 5 - 1 = 0. Suppose 4*j - 108 = 4*g, 0 = -s*j - 8*g + 3*g + 89. List the prime factors of j.
2
Let u(x) = x**2 + 4*x - 15. Let b be u(-10). Let i = 4 - 4. Suppose -6*c + c + b = i. What are the prime factors of c?
3
Let b = -2022 - -4908. List the prime factors of b.
2, 3, 13, 37
Let y = 15 - 16. Let w be 2/2*y*-4. Let v = w - 2. List the prime factors of v.
2
Suppose 2*p + 3*m + 5 = 0, 3*p + m = -4*m - 9. Suppose 3*g - w - 11 = -1, -6 = -3*w. Suppose u - 11 = -3*t, p*t + t = g*u + 1. What are the prime factors of u?
2
Let i = 176 + 52. What are the prime factors of i?
2, 3, 19
Let y(h) = 7*h**2 - 16*h - 89. List the prime factors of y(-11).
2, 467
Let q be 35/14*8/5. Suppose 2*o + 5*s + 30 = 0, 60 = -4*o + q*s - 2*s. What are the prime factors of ((-54)/15)/(o/50)?
2, 3
Let o(v) = -9*v + 28. Let h be o(9). List the prime factors of -5*(2 + h/5).
43
Let n(h) = 70*h**2 + 4*h - 3. Let i be n(1). Suppose -v + r + i = 0, -3*v = 2*v - r - 347. What are the prime factors of v?
3, 23
Suppose 0 = q + 2 - 4. Suppose 0 = 6*m - q*m - 128. List the prime factors of m.
2
Let k = 37 + -13. Let n = 101 - k. List the prime factors of n.
7, 11
Let q(o) = 22*o**2 + 14*o + 1. Let t(x) = -11*x**2 - 7*x - 1. Let f(w) = 3*q(w) + 5*t(w). What are the prime factors of f(-3)?
2, 19
Suppose 0 = -22*w - 23*w + 61515. List the prime factors of w.
1367
Let n be (-131)/(-3) - 4/(-24)*2. Let h = n - -1. What are the prime factors of h?
3, 5
Suppose 24 - 355 = -y. What are the prime factors of y?
331
Let b(l) = -9*l + 2. Let q be b(-5). Let i = -13 + 3. List the prime factors of 5/i - q/(-2).
23
Suppose 0 = -4*r - 5*d + 15, 0 = -3*d + 11 - 2. Let u(s) = 6*s + 8. Let j be u(12). Suppose -3*o + 16 + j = r. List the prime factors of o.
2
Suppose -38 = -z - 6. Let f be (-16)/z*(-93 - -1). Suppose 4*o = 62 + f. List the prime factors of o.
3
Suppose 0*k = -3*k + 18. Suppose -5*j + 3*j + k = 0. Let a(r) = 4*r + 4. What are the prime factors of a(j)?
2
Suppose 2*l + 16 = -2*y + y, 5*l = 4*y - 1. Let i(o) = o. Let u(n) = -3*n. Let r(q) = y*u(q) - 15*i(q). List the prime factors of r(5).
3, 5
Let s(o) = -4*o + 24. Let n be s(5). Let y = -5 - -5. Suppose y = -n*b - r + 168, r - 4*r + 12 = 0. What are the prime factors of b?
41
Let o = 11 - 6. Suppose -168 = -4*h - 2*f, 0*h + o*h - 3*f = 221. Suppose -2*w + k = -h, -5*w + 91 = -0*w + 3*k. What are the prime factors of w?
2, 5
Suppose -23*o + 3212 = -7506. What are the prime factors of o?
2, 233
Suppose 2*v - 7 = 3*p - 4*p, -p = 4*v - 11. Suppose -m = -3*f + 66 + 91, -f + 47 = -p*m. List the prime factors of f.
53
Let q be 1 + 3 + 2 + -4. Suppose -2*u - q*o = -102, 4*u = 2*u - o + 107. What are the prime factors of u/4 - 3/1?
11
Let p be 1/1 - (-10 - -5). Suppose -2*z = p, -5*n - 10 = z + 33. What are the prime factors of ((-26)/n)/((-11)/(-44))?
13
Let n = 41 + -35. What are the prime factors of (-882)/(-12) - 3/n?
73
Let d(i) = 28*i**3 + i**2 - 2*i - 2. Let a be d(2). Let w = a + -142. List the prime factors of w.
2, 5
Let y = 1214 - 164. List the prime factors of y.
2, 3, 5, 7
Let q(u) = -u**3 + 9*u**2 - 2*u + 2. Let f be q(9). Let h be (-4)/14 + f/(-56). Suppose h*i - i = -35. What are the prime factors of i?
5, 7
Let g(f) = -21*f - 8. Let j be g(-10). Let x = j + -91. Suppose k = -5*q - 0*k + x, -k = 2*q - 42. What are the prime factors of q?
23
Let c(d) = d**2 - 8*d - 9. Let h be c(9). Suppose h = 2*r + 4*r - 420. List the prime factors of r.
2, 5, 7
Let j be (1/2)/(72/(-2592)). Let t(x) = -20*x + 2*x**2 + 15*x**2 + 4*x**3 - 3*x**3 + 26. What are the prime factors of t(j)?
2, 31
Suppose 4*o = -c + 1190, -2*c + 4*o = -0*c - 2332. What are the prime factors of c?
2, 587
Suppose -6*g + 3420 = -0*g. List the prime factors of g.
2, 3, 5, 19
Let g = 12 + -16. Let s(u) = 2*u**2 + 7*u + 2. Let o be s(g). Suppose 4*k + o*p - p - 219 = 0, -2*k + 147 = -5*p. List the prime factors of k.
61
Let v be (32/18)/(-8) - (-652)/18. Suppose 2*i - 3*f + 4 = 0, 7*i - 2*i + 4*f - v = 0. List the prime factors of i.
2
Let b(y) = -y**3 - 12*y**2 + 11*y + 5. Let d be b(-13). Let s = d - -13. What are the prime factors of s?
2, 11
Let h(x) = x**3 - 2*x**2 - 2*x + 2. Let q be h(2). Let d(b) = 6*b**3 + 4*b**2 + 6*b + 4. Let m be d(-4). What are the prime factors of q/14 + m/(-28)?
2, 3
Let q = 584 + -150